{"id":8,"date":"2016-03-20T17:26:20","date_gmt":"2016-03-20T16:26:20","guid":{"rendered":"http:\/\/v2.e-ki-libre.fr\/?page_id=8"},"modified":"2022-09-30T12:16:25","modified_gmt":"2022-09-30T10:16:25","slug":"dojo-du-souffle","status":"publish","type":"page","link":"https:\/\/www.e-ki-libre.fr\/index.php\/dojo-du-souffle\/","title":{"rendered":"Dojo du Souffle"},"content":{"rendered":"<div>\n<h2>Les lieux de pratique<\/h2>\n<h3>Cours les Lundi de\u00a0 19h00 \u00e0 21h00<\/h3>\n<p><img loading=\"lazy\" decoding=\"async\" class=\"uk-hidden-small wp-image-166 alignleft\" src=\"\/wp-content\/uploads\/2016\/03\/logo-aaeec.jpg\" alt=\"logo aaeec\" width=\"143\" height=\"164\" srcset=\"https:\/\/www.e-ki-libre.fr\/wp-content\/uploads\/2016\/03\/logo-aaeec.jpg 574w, https:\/\/www.e-ki-libre.fr\/wp-content\/uploads\/2016\/03\/logo-aaeec-261x300.jpg 261w\" sizes=\"auto, (max-width: 143px) 85vw, 143px\" \/><\/p>\n<p><strong>Salle Nelson Mandela<\/strong><br \/>15 chemin de la Monnaie<br \/>49130 &#8211; Les Ponts de C\u00e9<\/p>\n<p><strong>AAEEC Sport &#8211; Sant\u00e9 &#8211; Bien-\u00eatre<\/strong><\/p>\n<h3>Cours les Mardi de 19h15 \u00e0 21h15<\/h3>\n<p>Salle Nicolas Touzaint Familles Rurales <br \/>49370\u00a0 Saint Cl\u00e9ment de la Place<\/p>\n<h2>Notre tenue<\/h2>\n<ul>\n<li style=\"list-style-type: none;\">\n<ul>\n<li>Pantalon souple<\/li>\n<li>Tee-shirt<\/li>\n<li>Pieds nus sur le tatami.<\/li>\n<li>Sandales pour marcher en dehors du tatami.<\/li>\n<\/ul>\n<\/li>\n<\/ul>\n<\/div>\n\n\n<p><\/p>\n","protected":false},"excerpt":{"rendered":"<p>Les lieux de pratique Cours les Lundi de\u00a0 19h00 \u00e0 21h00 Salle Nelson Mandela15 chemin de la Monnaie49130 &#8211; Les Ponts de C\u00e9 AAEEC Sport &#8211; Sant\u00e9 &#8211; Bien-\u00eatre Cours les Mardi de 19h15 \u00e0 21h15 Salle Nicolas Touzaint Familles Rurales 49370\u00a0 Saint Cl\u00e9ment de la Place Notre tenue Pantalon souple Tee-shirt Pieds nus sur &hellip; <a href=\"https:\/\/www.e-ki-libre.fr\/index.php\/dojo-du-souffle\/\" class=\"more-link\">Continuer la lecture<span class=\"screen-reader-text\"> de &laquo;&nbsp;Dojo du Souffle&nbsp;&raquo;<\/span><\/a><\/p>\n","protected":false},"author":2,"featured_media":0,"parent":0,"menu_order":0,"comment_status":"closed","ping_status":"closed","template":"","meta":{"footnotes":""},"class_list":["post-8","page","type-page","status-publish","hentry"],"_links":{"self":[{"href":"https:\/\/www.e-ki-libre.fr\/index.php\/wp-json\/wp\/v2\/pages\/8","targetHints":{"allow":["GET"]}}],"collection":[{"href":"https:\/\/www.e-ki-libre.fr\/index.php\/wp-json\/wp\/v2\/pages"}],"about":[{"href":"https:\/\/www.e-ki-libre.fr\/index.php\/wp-json\/wp\/v2\/types\/page"}],"author":[{"embeddable":true,"href":"https:\/\/www.e-ki-libre.fr\/index.php\/wp-json\/wp\/v2\/users\/2"}],"replies":[{"embeddable":true,"href":"https:\/\/www.e-ki-libre.fr\/index.php\/wp-json\/wp\/v2\/comments?post=8"}],"version-history":[{"count":17,"href":"https:\/\/www.e-ki-libre.fr\/index.php\/wp-json\/wp\/v2\/pages\/8\/revisions"}],"predecessor-version":[{"id":537,"href":"https:\/\/www.e-ki-libre.fr\/index.php\/wp-json\/wp\/v2\/pages\/8\/revisions\/537"}],"wp:attachment":[{"href":"https:\/\/www.e-ki-libre.fr\/index.php\/wp-json\/wp\/v2\/media?parent=8"}],"curies":[{"name":"wp","href":"https:\/\/api.w.org\/{rel}","templated":true}]}}